culate the remainder when 2132 is divided by 72.
44
Calculate the remainder when 41039 is divided by 30.
29
What is the remainder when 83171 is divided by 103?
50
Calculate the remainder when 28925 is divided by 1446.
5
Calculate the remainder when 74299 is divided by 239.
209
What is the remainder when 46471 is divided by 6638?
5
What is the remainder when 1603 is divided by 108?
91
Calculate the remainder when 266 is divided by 100.
66
What is the remainder when 1480468 is divided by 122?
120
What is the remainder when 7622 is divided by 2073?
1403
What is the remainder when 46188 is divided by 298?
296
Calculate the remainder when 5305 is divided by 5010.
295
What is the remainder when 4512 is divided by 16?
0
Calculate the remainder when 348884 is divided by 23.
20
Calculate the remainder when 179924 is divided by 54.
50
Calculate the remainder when 8061 is divided by 158.
3
Calculate the remainder when 19441 is divided by 3845.
216
What is the remainder when 531512 is divided by 44291?
20
What is the remainder when 605 is divided by 528?
77
Calculate the remainder when 6069 is divided by 778.
623
What is the remainder when 1873 is divided by 235?
228
Calculate the remainder when 263 is divided by 161.
102
Calculate the remainder when 283636 is divided by 35.
31
Calculate the remainder when 196093 is divided by 87.
82
Calculate the remainder when 282129 is divided by 317.
316
What is the remainder when 224529 is divided by 1188?
1185
Calculate the remainder when 7200 is divided by 69.
24
What is the remainder when 603202 is divided by 73?
3
What is the remainder when 45682 is divided by 101?
30
What is the remainder when 198281 is divided by 3?
2
What is the remainder when 13450 is divided by 2341?
1745
Calculate the remainder when 15871 is divided by 5285.
16
What is the remainder when 14994 is divided by 41?
29
Calculate the remainder when 3762 is divided by 933.
30
What is the remainder when 603 is divided by 123?
111
What is the remainder when 797799 is divided by 25?
24
Calculate the remainder when 198580 is divided by 11.
8
What is the remainder when 15679 is divided by 625?
54
Calculate the remainder when 7240 is divided by 44.
24
Calculate the remainder when 36803 is divided by 292.
11
Calculate the remainder when 174124 is divided by 51.
10
Calculate the remainder when 396 is divided by 131.
3
Calculate the remainder when 6352 is divided by 1474.
456
What is the remainder when 16243 is divided by 28?
3
What is the remainder when 1322 is divided by 491?
340
Calculate the remainder when 517 is divided by 123.
25
Calculate the remainder when 25556 is divided by 608.
20
What is the remainder when 40030 is divided by 144?
142
Calculate the remainder when 4421 is divided by 2209.
3
Calculate the remainder when 17777 is divided by 457.
411
What is the remainder when 13754 is divided by 46?
0
Calculate the remainder when 545772 is divided by 15.
12
Calculate the remainder when 26838 is divided by 26836.
2
What is the remainder when 9729 is divided by 139?
138
Calculate the remainder when 18179 is divided by 754.
83
What is the remainder when 46452 is divided by 522?
516
What is the remainder when 162557 is divided by 49?
24
What is the remainder when 8034 is divided by 496?
98
What is the remainder when 4117 is divided by 735?
442
What is the remainder when 299346 is divided by 68?
10
What is the remainder when 5788 is divided by 627?
145
Calculate the remainder when 51481 is divided by 2339.
23
What is the remainder when 4978 is divided by 268?
154
What is the remainder when 151899 is divided by 194?
191
What is the remainder when 10829 is divided by 5366?
97
Calculate the remainder when 412241 is divided by 7.
4
Calculate the remainder when 13885 is divided by 111.
10
Calculate the remainder when 22053 is divided by 112.
101
What is the remainder when 3766 is divided by 51?
43
What is the remainder when 4418 is divided by 1463?
29
What is the remainder when 1327 is divided by 602?
123
What is the remainder when 2393 is divided by 98?
41
What is the remainder when 14934 is divided by 1492?
14
Calculate the remainder when 43376 is divided by 1232.
256
Calculate the remainder when 69462 is divided by 818.
750
What is the remainder when 52499 is divided by 632?
43
What is the remainder when 2269598 is divided by 17?
13
What is the remainder when 12219 is divided by 17?
13
Calculate the remainder when 512029 is divided by 19.
17
Calculate the remainder when 45204 is divided by 22597.
10
Calculate the remainder when 11157 is divided by 177.
6
What is the remainder when 631393 is divided by 941?
923
Calculate the remainder when 159769 is divided by 20.
9
What is the remainder when 3140 is divided by 262?
258
Calculate the remainder when 14244 is divided by 64.
36
Calculate the remainder when 77485 is divided by 17.
16
What is the remainder when 122743 is divided by 4?
3
Calculate the remainder when 559904 is divided by 111978.
14
Calculate the remainder when 689 is divided by 65.
39
What is the remainder when 225933 is divided by 73?
71
What is the remainder when 288 is divided by 194?
94
What is the remainder when 16280 is divided by 360?
80
What is the remainder when 58248 is divided by 3065?
13
Calculate the remainder when 279827 is divided by 152.
147
What is the remainder when 47793 is divided by 42?
39
Calculate the remainder when 1598 is divided by 13.
12
Calculate the remainder when 38782 is divided by 4846.
14
Calculate the remainder when 966825 is divided by 171.
162
Calculate the remainder when 809 is divided by 99.
17
Calculate the remainder when 1292717 is divided by 226.
223
What is the remainder when 27236 is divided by 150?
86
Calculate the remainder when 473341 is divided by 52591.
22
What is the remainder when 44453 is divided by 11108?
21
What is the remainder when 1186 is divided by 14?
10
What is the remainder when 6378 is divided by 17?
3
What is the remainder when 1603 is divided by 8?
3
Calculate the remainder when 2855 is divided by 51.
50
Calculate the remainder when 34405 is divided by 8579.
89
Calculate the remainder when 603 is divided by 557.
46
What is the remainder when 4393818 is divided by 787?
784
Calculate the remainder when 223157 is divided by 111548.
61
Calculate the remainder when 183795 is divided by 978.
909
What is the remainder when 98084 is divided by 536?
532
What is the remainder when 41232 is divided by 26?
22
What is the remainder when 8825 is divided by 338?
37
Calculate the remainder when 2283 is divided by 55.
28
What is the remainder when 70637 is divided by 61?
60
Calculate the remainder when 53402 is divided by 4101.
89
Calculate the remainder when 6743 is divided by 3057.
629
What is the remainder when 10803 is divided by 1798?
15
What is the remainder when 1542 is divided by 391?
369
What is the remainder when 44619 is divided by 611?
16
What is the remainder when 91508 is divided by 192?
116
Calculate the remainder when 956537 is divided by 566.
563
Calculate the remainder when 28099 is divided by 6991.
135
What is the remainder when 439 is divided by 286?
153
Calculate the remainder when 1812609 is divided by 35.
29
Calculate the remainder when 15021 is divided by 1223.
345
What is the remainder when 28204 is divided by 297?
286
Calculate the remainder when 24581 is divided by 1756.
1753
Calculate the remainder when 194 is divided by 75.
44
What is the remainder when 14955 is divided by 1353?
72
Calculate the remainder when 136076 is divided by 90.
86
What is the remainder when 4284 is divided by 899?
688
Calculate the remainder when 17949 is divided by 374.
371
Calculate the remainder when 28051 is divided by 1122.
1
What is the remainder when 1661 is divided by 830?
1
Calculate the remainder when 9241 is divided by 4609.
23
Calculate the remainder when 12418 is divided by 36.
34
What is the remainder when 6228 is divided by 20?
8
Calculate the remainder when 1341753 is divided by 122.
119
What is the remainder when 697382 is divided by 763?
0
Calculate the remainder when 608808 is divided by 10.
8
What is the remainder when 39869 is divided by 949?
11
What is the remainder when 20685 is divided by 63?
21
What is the remainder when 292648 is divided by 142?
128
What is the remain